 13) to base 7
-12250
Convert -3101002 (base 5) to base 4.
-30033033
-152020 (base 7) to base 5
-1421022
503 (base 9) to base 5
3113
23000202 (base 4) to base 9
67760
What is 1203 (base 6) in base 9?
353
Convert -322133 (base 5) to base 6.
-122314
What is -420 (base 5) in base 15?
-75
Convert 1710 (base 11) to base 15.
9ae
What is -20210011 (base 3) in base 7?
-20263
What is -1102212010 (base 3) in base 2?
-110111010100110
11 (base 16) to base 3
122
What is 31a (base 14) in base 2?
1001100100
Convert -373 (base 10) to base 12.
-271
Convert -2c1 (base 14) to base 8.
-1061
Convert 8647 (base 10) to base 12.
5007
-767 (base 14) to base 8
-2667
-697 (base 10) to base 4
-22321
-4242 (base 5) to base 14
-2cc
Convert -14050 (base 15) to base 14.
-1957a
Convert -1475 (base 9) to base 13.
-683
What is 11101120 (base 3) in base 15?
e36
-212 (base 10) to base 3
-21212
-1243 (base 5) to base 12
-146
What is 22503 (base 6) in base 15?
e3c
Convert -1333 (base 4) to base 14.
-91
85c (base 13) to base 16
595
Convert 1001122 (base 3) to base 13.
476
Convert 12436 (base 8) to base 11.
4075
Convert 2022211212 (base 3) to base 6.
552035
100001010 (base 2) to base 11
222
Convert 2212100 (base 4) to base 2.
10100110010000
Convert -641 (base 15) to base 13.
-847
What is -27 (base 8) in base 5?
-43
Convert -5201 (base 6) to base 14.
-5c5
-1102 (base 7) to base 6
-1454
What is -8594 (base 10) in base 14?
-31bc
What is -9cc (base 13) in base 6?
-11453
Convert 2727 (base 10) to base 7.
10644
1d93 (base 15) to base 10
6438
Convert 22221 (base 7) to base 14.
2081
What is 1000110100 (base 2) in base 4?
20310
Convert 2846 (base 9) to base 15.
983
Convert 2313 (base 4) to base 11.
157
-30003 (base 4) to base 12
-543
What is 1220 (base 3) in base 16?
33
Convert -651 (base 15) to base 13.
-859
2864 (base 10) to base 8
5460
-89 (base 16) to base 13
-a7
12212201 (base 3) to base 10
4285
What is -1144 (base 8) in base 11?
-507
What is 1123330 (base 4) in base 13?
28a8
Convert 441 (base 6) to base 7.
331
What is -282 (base 10) in base 7?
-552
Convert -200220 (base 3) to base 7.
-1326
Convert 2510 (base 12) to base 5.
113223
What is -263602 (base 7) in base 3?
-2111200121
What is -382 (base 13) in base 15?
-2ad
Convert 22c (base 15) to base 14.
272
What is 111230 (base 4) in base 15?
628
Convert -10002202011 (base 3) to base 6.
-1150351
110 (base 12) to base 3
12210
What is -d3ad (base 16) in base 12?
-27439
What is 10000113 (base 4) in base 11?
11366
What is 209 (base 15) in base 14?
24b
Convert 623a (base 13) to base 10.
13569
Convert -11010223 (base 4) to base 11.
-14680
Convert 24242 (base 5) to base 13.
aa2
What is 56172 (base 8) in base 11?
16872
What is 473 (base 8) in base 14?
187
-21314 (base 5) to base 9
-2001
Convert 22220011 (base 3) to base 14.
2512
What is -2b2c (base 13) in base 7?
-24225
What is -10100000111 (base 2) in base 15?
-5ac
Convert -21100 (base 5) to base 11.
-1063
Convert 4112 (base 5) to base 3.
201201
-29d5 (base 15) to base 6
-105315
-341420 (base 5) to base 13
-5687
Convert -10111100111011 (base 2) to base 8.
-27473
1001110100 (base 2) to base 5
10003
646 (base 8) to base 3
120122
What is 22301 (base 6) in base 8?
6075
What is 1003 (base 10) in base 12?
6b7
What is 1110 (base 11) in base 4?
112313
What is -101003110 (base 4) in base 6?
-1255204
1836 (base 10) to base 13
ab3
Convert -5052 (base 7) to base 4.
-123120
What is 24 (base 14) in base 4?
200
Convert 10003 (base 4) to base 2.
100000011
What is -5101 (base 6) in base 8?
-2135
1402 (base 7) to base 4
20131
-5679 (base 16) to base 12
-10989
What is -321 (base 6) in base 14?
-89
Convert 49 (base 11) to base 8.
65
2591a (base 12) to base 10
51430
Convert -358 (base 15) to base 16.
-2f6
-8373 (base 14) to base 7
-123003
What is 1706 (base 8) in base 4?
33012
What is b299 (base 14) in base 13?
10c95
6b55 (base 16) to base 6
331113
What is -11103 (base 5) in base 11?
-648
What is 205041 (base 6) in base 2?
100000100010001
What is -6290 (base 15) in base 6?
-240243
1112111 (base 3) to base 2
10001100000
431012 (base 5) to base 8
34253
Convert -17c (base 15) to base 4.
-11112
-11222221 (base 3) to base 13
-1873
1267 (base 8) to base 16
2b7
-31e (base 16) to base 4
-30132
What is b50e (base 16) in base 13?
18135
What is 2004 (base 5) in base 11?
211
What is 2342 (base 8) in base 16?
4e2
What is -544 (base 8) in base 15?
-18b
Convert -10456 (base 7) to base 4.
-221032
-844 (base 12) to base 9
-1577
Convert 13112121 (base 4) to base 3.
1112022000
Convert 2551 (base 6) to base 10.
643
-3721 (base 11) to base 13
-22a1
-210111 (base 4) to base 15
-a50
Convert -202052 (base 6) to base 4.
-3322100
What is 34b (base 13) in base 5?
4240
-6364 (base 7) to base 6
-14231
Convert -297 (base 13) to base 3.
-122010
Convert 480 (base 9) to base 16.
18c
Convert 1201 (base 4) to base 14.
6d
Convert -10011110011 (base 2) to base 15.
-597
Convert -1838 (base 10) to base 8.
-3456
-1424 (base 5) to base 15
-10e
What is -4151 (base 6) in base 11?
-777
What is 27056 (base 9) in base 2?
100011101100100
Convert -973 (base 10) to base 16.
-3cd
-11512 (base 6) to base 11
-1306
Convert 4365 (base 9) to base 11.
2466
What is -280 (base 16) in base 14?
-33a
-1212003 (base 4) to base 7
-25020
What is -10001010001 (base 2) in base 8?
-2121
Convert 14662 (base 10) to base 4.
3211012
Convert 487 (base 11) to base 16.
243
-29 (base 11) to base 15
-21
What is 9a (base 14) in base 9?
161
Convert 24022 (base 6) to base 3.
11202112
-335333 (base 6) to base 10
-28425
-900 (base 12) to base 10
-1296
Convert 7665 (base 13) to base 16.
405c
What is 52261 (base 7) in base 4?
3020200
What is -47bd (base 14) in base 7?
-51326
What is -35253 (base 7) in base 4?
-2031132
-7433 (base 10) to base 4
-1310021
Convert -72b2 (base 15) to base 13.
-b05a
Convert -52 (base 15) to base 11.
-70
-1022112 (base 3) to base 7
-2540
Convert 2152 (base 7) to base 15.
367
-4543 (base 11) to base 12
-3560
-23013330 (base 4) to base 8
-130774
Convert 14866 (base 11) to base 5.
1133010
39 (base 14) to base 3
1220
What is 1205 (base 8) in base 14?
341
Convert 5a72 (base 14) to base 12.
9170
Convert 2022000 (base 3) to base 8.
3212
Convert -7cd (base 14) to base 6.
-11105
What is -110 (base 5) in base 14?
-22
What is 3110 (base 5) in base 14?
20d
What is -14d (base 15) in base 7?
-604
What is 7a9 (base 15) in base 5?
23414
-1013024 (base 6) to base 7
-261511
What is -3725 (base 9) in base 11?
-20a5
-1797b (base 13) to base 3
-2022111112
Convert -23225 (base 6) to base 9.
-4508
Convert -2003 (base 6) to base 3.
-121010
What is 351 (base 8) in base 16?
e9
-2d25 (base 16) to base 15
-3657
What is -816b (base 12) in base 7?
-55652
-100011110101101 (base 2) to base 13
-8476
Convert 10702 (base 10) to base 16.
29ce
Convert 11424 (base 6) to base 11.
1290
1a38 (base 11) to base 14
d26
251 (base 6) to base 8
147
Convert 6a (base 11) to base 10.
76
What is -775 (base 10) in base 7?
-2155
Convert 143 (base 10) to base 7.
263
Convert 10111100 (base 2) to base 12.
138
Convert -84a (base 11) to base 13.
-608
Convert 1700 (base 15) to base 9.
6710
What is 43180 (base 9) in base 16?
6fa8
-1433 (base 5) to base 10
-243
What is 478a (base 13) in base 12?
5a05
Convert -1465 (base 11) to base 15.
-85b
571 (base 9) to base 16
1d5
b6 (base 13) to base 4
2111
Convert -2432 (base 7) to base 8.
-1611
2d9 (base 16) to base 8
1331
Convert 280 (base 15) to base 6.
2350
What is 220211020 (base 3) in base 9?
26736
Convert -24174 (base 8) to base 11.
-7872
-774 (base 9) to base 7
-1564
Convert -2001210111 (base 3) to base 10.
-40675
13553 (base 7) to base 13
18c8
Convert 215304 (base 6) to base 14.
6808
What is -121453 (base 6) in base 12?
-6289
Convert -11a9 (base 12) to base 8.
-3721
a76 (base 14) to base 10
2064
-3885 (base 9) to base 4
-231200
What is a549 (base 11) in base 15?
4213
Convert 1233232 (base 4) to base 15.
21ba
Convert 1340401 (base 5) to base 12.
13b81
What is 15f (base 16) in base 15?
186
What is 3133 (base 15) in base 7?
42213
What is -20331 (base 7) in base 4?
-1031223
-1222332 (base 4) to base 5
-204341
-1787 (base 12) to base 11
-2151
146 (base 13) to base 15
102
What is 818b (base 16) in base 6?
413311
-211112101 (base 3) to base 13
-7627
What is -10001001110 (base 2) in base